{"id":67,"date":"2023-10-04T06:24:06","date_gmt":"2023-10-04T06:24:06","guid":{"rendered":"https:\/\/wp1.themevibrant.com\/newwp\/craftmax\/?page_id=67"},"modified":"2025-04-23T12:14:12","modified_gmt":"2025-04-23T10:14:12","slug":"contact-us","status":"publish","type":"page","link":"https:\/\/www.idbois.pro\/index.php\/contact-us\/","title":{"rendered":"Nous contacter"},"content":{"rendered":"\t\t<div data-elementor-type=\"wp-page\" data-elementor-id=\"67\" class=\"elementor elementor-67\">\n\t\t\t\t<div class=\"elementor-element elementor-element-f09c3f7 e-flex e-con-boxed e-con e-parent\" data-id=\"f09c3f7\" data-element_type=\"container\" data-settings=\"{&quot;background_background&quot;:&quot;classic&quot;}\">\n\t\t\t\t\t<div class=\"e-con-inner\">\n\t\t<div class=\"elementor-element elementor-element-7359673 e-con-full e-flex e-con e-child\" data-id=\"7359673\" data-element_type=\"container\">\n\t\t\t\t<div class=\"elementor-element elementor-element-ef61514 elementor-widget elementor-widget-craftmax_hero_title\" data-id=\"ef61514\" data-element_type=\"widget\" data-widget_type=\"craftmax_hero_title.default\">\n\t\t\t\t<div class=\"elementor-widget-container\">\n\t\t\t\t\t    \n        \n    <div class=\"sec-title craftmax-title-wrap\">\n        \t\t<span class=\"sub-title te-bn-subtitle\">Restons en contact<\/span>                \t\t<h2 class=\"te-bn-title craftmax-size-default\">Envoyez nous un message<\/h2>        \t\t        <div class=\"te-bn-text\">\n            <p><\/p>\n        <\/div>\n            <\/div>\n        \n        \t\t\t\t<\/div>\n\t\t\t\t<\/div>\n\t\t\t\t<div class=\"elementor-element elementor-element-27f6543 elementor-widget elementor-widget-craftmax_form\" data-id=\"27f6543\" data-element_type=\"widget\" data-settings=\"{&quot;general_box_space&quot;:{&quot;unit&quot;:&quot;px&quot;,&quot;top&quot;:&quot;&quot;,&quot;right&quot;:&quot;&quot;,&quot;bottom&quot;:&quot;&quot;,&quot;left&quot;:&quot;&quot;,&quot;isLinked&quot;:true},&quot;general_box_space_tablet&quot;:{&quot;unit&quot;:&quot;px&quot;,&quot;top&quot;:&quot;&quot;,&quot;right&quot;:&quot;&quot;,&quot;bottom&quot;:&quot;&quot;,&quot;left&quot;:&quot;&quot;,&quot;isLinked&quot;:true},&quot;general_box_space_mobile&quot;:{&quot;unit&quot;:&quot;px&quot;,&quot;top&quot;:&quot;&quot;,&quot;right&quot;:&quot;&quot;,&quot;bottom&quot;:&quot;&quot;,&quot;left&quot;:&quot;&quot;,&quot;isLinked&quot;:true},&quot;general_box_padding&quot;:{&quot;unit&quot;:&quot;px&quot;,&quot;top&quot;:&quot;&quot;,&quot;right&quot;:&quot;&quot;,&quot;bottom&quot;:&quot;&quot;,&quot;left&quot;:&quot;&quot;,&quot;isLinked&quot;:true},&quot;general_box_padding_tablet&quot;:{&quot;unit&quot;:&quot;px&quot;,&quot;top&quot;:&quot;&quot;,&quot;right&quot;:&quot;&quot;,&quot;bottom&quot;:&quot;&quot;,&quot;left&quot;:&quot;&quot;,&quot;isLinked&quot;:true},&quot;general_box_padding_mobile&quot;:{&quot;unit&quot;:&quot;px&quot;,&quot;top&quot;:&quot;&quot;,&quot;right&quot;:&quot;&quot;,&quot;bottom&quot;:&quot;&quot;,&quot;left&quot;:&quot;&quot;,&quot;isLinked&quot;:true},&quot;form_spacing&quot;:{&quot;unit&quot;:&quot;px&quot;,&quot;top&quot;:&quot;&quot;,&quot;right&quot;:&quot;&quot;,&quot;bottom&quot;:&quot;&quot;,&quot;left&quot;:&quot;&quot;,&quot;isLinked&quot;:true},&quot;form_spacing_tablet&quot;:{&quot;unit&quot;:&quot;px&quot;,&quot;top&quot;:&quot;&quot;,&quot;right&quot;:&quot;&quot;,&quot;bottom&quot;:&quot;&quot;,&quot;left&quot;:&quot;&quot;,&quot;isLinked&quot;:true},&quot;form_spacing_mobile&quot;:{&quot;unit&quot;:&quot;px&quot;,&quot;top&quot;:&quot;&quot;,&quot;right&quot;:&quot;&quot;,&quot;bottom&quot;:&quot;&quot;,&quot;left&quot;:&quot;&quot;,&quot;isLinked&quot;:true},&quot;form_padding&quot;:{&quot;unit&quot;:&quot;px&quot;,&quot;top&quot;:&quot;&quot;,&quot;right&quot;:&quot;&quot;,&quot;bottom&quot;:&quot;&quot;,&quot;left&quot;:&quot;&quot;,&quot;isLinked&quot;:true},&quot;form_padding_tablet&quot;:{&quot;unit&quot;:&quot;px&quot;,&quot;top&quot;:&quot;&quot;,&quot;right&quot;:&quot;&quot;,&quot;bottom&quot;:&quot;&quot;,&quot;left&quot;:&quot;&quot;,&quot;isLinked&quot;:true},&quot;form_padding_mobile&quot;:{&quot;unit&quot;:&quot;px&quot;,&quot;top&quot;:&quot;&quot;,&quot;right&quot;:&quot;&quot;,&quot;bottom&quot;:&quot;&quot;,&quot;left&quot;:&quot;&quot;,&quot;isLinked&quot;:true},&quot;btn_padding&quot;:{&quot;unit&quot;:&quot;px&quot;,&quot;top&quot;:&quot;&quot;,&quot;right&quot;:&quot;&quot;,&quot;bottom&quot;:&quot;&quot;,&quot;left&quot;:&quot;&quot;,&quot;isLinked&quot;:true},&quot;btn_padding_tablet&quot;:{&quot;unit&quot;:&quot;px&quot;,&quot;top&quot;:&quot;&quot;,&quot;right&quot;:&quot;&quot;,&quot;bottom&quot;:&quot;&quot;,&quot;left&quot;:&quot;&quot;,&quot;isLinked&quot;:true},&quot;btn_padding_mobile&quot;:{&quot;unit&quot;:&quot;px&quot;,&quot;top&quot;:&quot;&quot;,&quot;right&quot;:&quot;&quot;,&quot;bottom&quot;:&quot;&quot;,&quot;left&quot;:&quot;&quot;,&quot;isLinked&quot;:true}}\" data-widget_type=\"craftmax_form.default\">\n\t\t\t\t<div class=\"elementor-widget-container\">\n\t\t\t\t\t\t\n\t\t\n    <!-- contact-style-three -->\n    <section class=\"contact-style-four p-0 m-0\">\n        <div class=\"content-box\">                    \n            <div class=\"form-inner\">\n                <div id=\"contact-form\" class=\"te-contact-form\">\n\t\t\t\t\t\n<div class=\"wpcf7 no-js\" id=\"wpcf7-f760-o1\" lang=\"en-US\" dir=\"ltr\" data-wpcf7-id=\"760\">\n<div class=\"screen-reader-response\"><p role=\"status\" aria-live=\"polite\" aria-atomic=\"true\"><\/p> <ul><\/ul><\/div>\n<form action=\"\/index.php\/wp-json\/wp\/v2\/pages\/67#wpcf7-f760-o1\" method=\"post\" class=\"wpcf7-form init\" aria-label=\"Contact form\" novalidate=\"novalidate\" data-status=\"init\">\n<div style=\"display: none;\">\n<input type=\"hidden\" name=\"_wpcf7\" value=\"760\" \/>\n<input type=\"hidden\" name=\"_wpcf7_version\" value=\"6.0.5\" \/>\n<input type=\"hidden\" name=\"_wpcf7_locale\" value=\"en_US\" \/>\n<input type=\"hidden\" name=\"_wpcf7_unit_tag\" value=\"wpcf7-f760-o1\" \/>\n<input type=\"hidden\" name=\"_wpcf7_container_post\" value=\"0\" \/>\n<input type=\"hidden\" name=\"_wpcf7_posted_data_hash\" value=\"\" \/>\n<\/div>\n<div class=\"row clearfix\">\n\t<div class=\"col-lg-6 col-md-6 col-sm-12 form-group\">\n\t\t<p><span class=\"wpcf7-form-control-wrap\" data-name=\"text-902\"><input size=\"40\" maxlength=\"400\" class=\"wpcf7-form-control wpcf7-text wpcf7-validates-as-required\" aria-required=\"true\" aria-invalid=\"false\" placeholder=\"Pr\u00e9nom\" value=\"\" type=\"text\" name=\"text-902\" \/><\/span>\n\t\t<\/p>\n\t<\/div>\n\t<div class=\"col-lg-6 col-md-6 col-sm-12 form-group\">\n\t\t<p><span class=\"wpcf7-form-control-wrap\" data-name=\"text-903\"><input size=\"40\" maxlength=\"400\" class=\"wpcf7-form-control wpcf7-text wpcf7-validates-as-required\" aria-required=\"true\" aria-invalid=\"false\" placeholder=\"Nom\" value=\"\" type=\"text\" name=\"text-903\" \/><\/span>\n\t\t<\/p>\n\t<\/div>\n\t<div class=\"col-lg-6 col-md-6 col-sm-12 form-group\">\n\t\t<p><span class=\"wpcf7-form-control-wrap\" data-name=\"email-866\"><input size=\"40\" maxlength=\"400\" class=\"wpcf7-form-control wpcf7-email wpcf7-validates-as-required wpcf7-text wpcf7-validates-as-email\" aria-required=\"true\" aria-invalid=\"false\" placeholder=\"Email\" value=\"\" type=\"email\" name=\"email-866\" \/><\/span>\n\t\t<\/p>\n\t<\/div>\n\t<div class=\"col-lg-6 col-md-6 col-sm-12 form-group\">\n\t\t<p><span class=\"wpcf7-form-control-wrap\" data-name=\"text-904\"><input size=\"40\" maxlength=\"400\" class=\"wpcf7-form-control wpcf7-text wpcf7-validates-as-required\" aria-required=\"true\" aria-invalid=\"false\" placeholder=\"T\u00e9l\u00e9phone\" value=\"\" type=\"text\" name=\"text-904\" \/><\/span>\n\t\t<\/p>\n\t<\/div>\n\t<div class=\"col-lg-12 col-md-12 col-sm-12 form-group\">\n\t\t<p><span class=\"wpcf7-form-control-wrap\" data-name=\"textarea-550\"><textarea cols=\"40\" rows=\"10\" maxlength=\"2000\" class=\"wpcf7-form-control wpcf7-textarea wpcf7-validates-as-required\" aria-required=\"true\" aria-invalid=\"false\" placeholder=\"Message\" name=\"textarea-550\"><\/textarea><\/span>\n\t\t<\/p>\n\t<\/div>\n\t<div class=\"col-lg-12 col-md-12 col-sm-12 form-group message-btn\">\n\t\t<p><button type=\"submit\" class=\"theme-btn btn-one thm-btn\"><span>Envoyer<\/span><\/button>\n\t\t<\/p>\n\t<\/div>\n<\/div><div class=\"wpcf7-response-output\" aria-hidden=\"true\"><\/div>\n<\/form>\n<\/div>\n                <\/div>\n            <\/div>\n        <\/div>\n    <\/section>\n    <!-- contact-style-three end -->\n    \n\t\t\t\t\t<\/div>\n\t\t\t\t<\/div>\n\t\t\t\t<\/div>\n\t\t<div class=\"elementor-element elementor-element-4403c7c e-con-full e-flex e-con e-child\" data-id=\"4403c7c\" data-element_type=\"container\">\n\t\t\t\t<div class=\"elementor-element elementor-element-1fee0b2 elementor-widget elementor-widget-craftmax_call_widget\" data-id=\"1fee0b2\" data-element_type=\"widget\" data-widget_type=\"craftmax_call_widget.default\">\n\t\t\t\t<div class=\"elementor-widget-container\">\n\t\t\t\t\t    \r\n        \r\n    <section class=\"contact-style-four craftmax-call-widget p-0 m-0\">\r\n    \t<div class=\"info-inner craftmax-author-box\">\r\n            <div class=\"box-one yt-btn\">\r\n                <h3 class=\"craftmax-author-title\">O\u00f9 sommes-nous ?<\/h3>\r\n                <p>La Guimoni\u00e8re<br \/> 49190  - Rochefort-sur-Loire <br \/> France\n<\/p>\r\n                <a class=\"yt-btn-title-v1\" href=\"mailto:info@example.com\">info@example.com<\/a>\r\n            <\/div>\r\n            <div class=\"box-two yt-btn\">\r\n                <h4 class=\"craftmax-author-title\">Appelez nous<\/h4>\r\n                <a class=\"yt-btn-title-v1\" href=\"tel:+(33)7 66 56 11 91\">+(33)7 66 56 11 91<\/a>\r\n                <p>Du Lundi au Vendredi <br \/>\nde 07H00 \u00e0 19h00 <\/p>\r\n            <\/div>\r\n        <\/div>\r\n    <\/section>\r\n    \r\n    \t\t\t\t<\/div>\n\t\t\t\t<\/div>\n\t\t\t\t<\/div>\n\t\t\t\t\t<\/div>\n\t\t\t\t<\/div>\n\t\t<div class=\"elementor-element elementor-element-4d10896 e-con-full e-flex e-con e-parent\" data-id=\"4d10896\" data-element_type=\"container\">\n\t\t\t\t<div class=\"elementor-element elementor-element-4ed6000 elementor-widget elementor-widget-craftmax_google_map\" data-id=\"4ed6000\" data-element_type=\"widget\" data-settings=\"{&quot;craftmax_layout_margin&quot;:{&quot;unit&quot;:&quot;px&quot;,&quot;top&quot;:&quot;&quot;,&quot;right&quot;:&quot;&quot;,&quot;bottom&quot;:&quot;&quot;,&quot;left&quot;:&quot;&quot;,&quot;isLinked&quot;:true},&quot;craftmax_layout_margin_tablet&quot;:{&quot;unit&quot;:&quot;px&quot;,&quot;top&quot;:&quot;&quot;,&quot;right&quot;:&quot;&quot;,&quot;bottom&quot;:&quot;&quot;,&quot;left&quot;:&quot;&quot;,&quot;isLinked&quot;:true},&quot;craftmax_layout_margin_mobile&quot;:{&quot;unit&quot;:&quot;px&quot;,&quot;top&quot;:&quot;&quot;,&quot;right&quot;:&quot;&quot;,&quot;bottom&quot;:&quot;&quot;,&quot;left&quot;:&quot;&quot;,&quot;isLinked&quot;:true},&quot;craftmax_layout_padding&quot;:{&quot;unit&quot;:&quot;px&quot;,&quot;top&quot;:&quot;&quot;,&quot;right&quot;:&quot;&quot;,&quot;bottom&quot;:&quot;&quot;,&quot;left&quot;:&quot;&quot;,&quot;isLinked&quot;:true},&quot;craftmax_layout_padding_tablet&quot;:{&quot;unit&quot;:&quot;px&quot;,&quot;top&quot;:&quot;&quot;,&quot;right&quot;:&quot;&quot;,&quot;bottom&quot;:&quot;&quot;,&quot;left&quot;:&quot;&quot;,&quot;isLinked&quot;:true},&quot;craftmax_layout_padding_mobile&quot;:{&quot;unit&quot;:&quot;px&quot;,&quot;top&quot;:&quot;&quot;,&quot;right&quot;:&quot;&quot;,&quot;bottom&quot;:&quot;&quot;,&quot;left&quot;:&quot;&quot;,&quot;isLinked&quot;:true}}\" data-widget_type=\"craftmax_google_map.default\">\n\t\t\t\t<div class=\"elementor-widget-container\">\n\t\t\t\t\t    \n    \n        \n    <section class=\"google-map-section bn-google-map\">\n        <iframe src=\"https:\/\/www.google.com\/maps\/embed?pb=!1m18!1m12!1m3!1d2704.1776974813765!2d-0.6397295080330863!3d47.33040083267109!2m3!1f0!2f0!3f0!3m2!1i1024!2i768!4f13.1!3m3!1m2!1s0x4807d34b126a0b9d%3A0xaa857acf1bf2689d!2sID%20Bois!5e0!3m2!1sen!2sus!4v1707814292759!5m2!1sen!2sus\" width=\"600\" height=\"450\" style=\"border:0;\" allowfullscreen=\"\" loading=\"lazy\" referrerpolicy=\"no-referrer-when-downgrade\"><\/iframe>    <\/section>\n    \n       \n    \t\t\t\t<\/div>\n\t\t\t\t<\/div>\n\t\t\t\t<\/div>\n\t\t\t\t<\/div>\n\t\t","protected":false},"excerpt":{"rendered":"<p>Restons en contact Envoyez nous un message Envoyer O\u00f9 sommes-nous ? La Guimoni\u00e8re 49190 &#8211; Rochefort-sur-Loire France info@example.com Appelez nous +(33)7 66 56 11 91 Du Lundi au Vendredi de 07H00 \u00e0 19h00<\/p>\n","protected":false},"author":1,"featured_media":0,"parent":0,"menu_order":3,"comment_status":"closed","ping_status":"closed","template":"tpl-default-elementor.php","meta":{"footnotes":""},"class_list":["post-67","page","type-page","status-publish","hentry"],"yoast_head":"<!-- This site is optimized with the Yoast SEO plugin v24.7 - https:\/\/yoast.com\/wordpress\/plugins\/seo\/ -->\n<title>Nous contacter - ID Bois - Menuiserie, Charpente, Agencement<\/title>\n<meta name=\"robots\" content=\"index, follow, max-snippet:-1, max-image-preview:large, max-video-preview:-1\" \/>\n<link rel=\"canonical\" href=\"https:\/\/www.idbois.pro\/index.php\/contact-us\/\" \/>\n<meta property=\"og:locale\" content=\"fr_FR\" \/>\n<meta property=\"og:type\" content=\"article\" \/>\n<meta property=\"og:title\" content=\"Nous contacter - ID Bois - Menuiserie, Charpente, Agencement\" \/>\n<meta property=\"og:description\" content=\"Restons en contact Envoyez nous un message Envoyer O\u00f9 sommes-nous ? La Guimoni\u00e8re 49190 &#8211; Rochefort-sur-Loire France info@example.com Appelez nous +(33)7 66 56 11 91 Du Lundi au Vendredi de 07H00 \u00e0 19h00\" \/>\n<meta property=\"og:url\" content=\"https:\/\/www.idbois.pro\/index.php\/contact-us\/\" \/>\n<meta property=\"og:site_name\" content=\"ID Bois - Menuiserie, Charpente, Agencement\" \/>\n<meta property=\"article:publisher\" content=\"https:\/\/www.facebook.com\/profile.php?id=100091470854032\" \/>\n<meta property=\"article:modified_time\" content=\"2025-04-23T10:14:12+00:00\" \/>\n<meta name=\"twitter:card\" content=\"summary_large_image\" \/>\n<meta name=\"twitter:label1\" content=\"Dur\u00e9e de lecture estim\u00e9e\" \/>\n\t<meta name=\"twitter:data1\" content=\"1 minute\" \/>\n<script type=\"application\/ld+json\" class=\"yoast-schema-graph\">{\"@context\":\"https:\/\/schema.org\",\"@graph\":[{\"@type\":\"WebPage\",\"@id\":\"https:\/\/www.idbois.pro\/index.php\/contact-us\/\",\"url\":\"https:\/\/www.idbois.pro\/index.php\/contact-us\/\",\"name\":\"Nous contacter - ID Bois - Menuiserie, Charpente, Agencement\",\"isPartOf\":{\"@id\":\"https:\/\/www.idbois.pro\/#website\"},\"datePublished\":\"2023-10-04T06:24:06+00:00\",\"dateModified\":\"2025-04-23T10:14:12+00:00\",\"breadcrumb\":{\"@id\":\"https:\/\/www.idbois.pro\/index.php\/contact-us\/#breadcrumb\"},\"inLanguage\":\"fr-FR\",\"potentialAction\":[{\"@type\":\"ReadAction\",\"target\":[\"https:\/\/www.idbois.pro\/index.php\/contact-us\/\"]}]},{\"@type\":\"BreadcrumbList\",\"@id\":\"https:\/\/www.idbois.pro\/index.php\/contact-us\/#breadcrumb\",\"itemListElement\":[{\"@type\":\"ListItem\",\"position\":1,\"name\":\"Accueil\",\"item\":\"https:\/\/www.idbois.pro\/\"},{\"@type\":\"ListItem\",\"position\":2,\"name\":\"Nous contacter\"}]},{\"@type\":\"WebSite\",\"@id\":\"https:\/\/www.idbois.pro\/#website\",\"url\":\"https:\/\/www.idbois.pro\/\",\"name\":\"ID Bois - Menuiserie, Charpente, Agencement\",\"description\":\"ID Bois, situ\u00e9e au c\u0153ur du Layon, est un partenaire privil\u00e9gi\u00e9 pour tous vos projets de menuiserie, d&#039;agencement et de charpente\",\"publisher\":{\"@id\":\"https:\/\/www.idbois.pro\/#organization\"},\"potentialAction\":[{\"@type\":\"SearchAction\",\"target\":{\"@type\":\"EntryPoint\",\"urlTemplate\":\"https:\/\/www.idbois.pro\/?s={search_term_string}\"},\"query-input\":{\"@type\":\"PropertyValueSpecification\",\"valueRequired\":true,\"valueName\":\"search_term_string\"}}],\"inLanguage\":\"fr-FR\"},{\"@type\":\"Organization\",\"@id\":\"https:\/\/www.idbois.pro\/#organization\",\"name\":\"ID Bois - Menuiserie, Charpente, Agencement\",\"url\":\"https:\/\/www.idbois.pro\/\",\"logo\":{\"@type\":\"ImageObject\",\"inLanguage\":\"fr-FR\",\"@id\":\"https:\/\/www.idbois.pro\/#\/schema\/logo\/image\/\",\"url\":\"https:\/\/www.idbois.pro\/wp-content\/uploads\/2023\/11\/Logo-text-min.png\",\"contentUrl\":\"https:\/\/www.idbois.pro\/wp-content\/uploads\/2023\/11\/Logo-text-min.png\",\"width\":182,\"height\":48,\"caption\":\"ID Bois - Menuiserie, Charpente, Agencement\"},\"image\":{\"@id\":\"https:\/\/www.idbois.pro\/#\/schema\/logo\/image\/\"},\"sameAs\":[\"https:\/\/www.facebook.com\/profile.php?id=100091470854032\"]}]}<\/script>\n<!-- \/ Yoast SEO plugin. -->","yoast_head_json":{"title":"Nous contacter - ID Bois - Menuiserie, Charpente, Agencement","robots":{"index":"index","follow":"follow","max-snippet":"max-snippet:-1","max-image-preview":"max-image-preview:large","max-video-preview":"max-video-preview:-1"},"canonical":"https:\/\/www.idbois.pro\/index.php\/contact-us\/","og_locale":"fr_FR","og_type":"article","og_title":"Nous contacter - ID Bois - Menuiserie, Charpente, Agencement","og_description":"Restons en contact Envoyez nous un message Envoyer O\u00f9 sommes-nous ? La Guimoni\u00e8re 49190 &#8211; Rochefort-sur-Loire France info@example.com Appelez nous +(33)7 66 56 11 91 Du Lundi au Vendredi de 07H00 \u00e0 19h00","og_url":"https:\/\/www.idbois.pro\/index.php\/contact-us\/","og_site_name":"ID Bois - Menuiserie, Charpente, Agencement","article_publisher":"https:\/\/www.facebook.com\/profile.php?id=100091470854032","article_modified_time":"2025-04-23T10:14:12+00:00","twitter_card":"summary_large_image","twitter_misc":{"Dur\u00e9e de lecture estim\u00e9e":"1 minute"},"schema":{"@context":"https:\/\/schema.org","@graph":[{"@type":"WebPage","@id":"https:\/\/www.idbois.pro\/index.php\/contact-us\/","url":"https:\/\/www.idbois.pro\/index.php\/contact-us\/","name":"Nous contacter - ID Bois - Menuiserie, Charpente, Agencement","isPartOf":{"@id":"https:\/\/www.idbois.pro\/#website"},"datePublished":"2023-10-04T06:24:06+00:00","dateModified":"2025-04-23T10:14:12+00:00","breadcrumb":{"@id":"https:\/\/www.idbois.pro\/index.php\/contact-us\/#breadcrumb"},"inLanguage":"fr-FR","potentialAction":[{"@type":"ReadAction","target":["https:\/\/www.idbois.pro\/index.php\/contact-us\/"]}]},{"@type":"BreadcrumbList","@id":"https:\/\/www.idbois.pro\/index.php\/contact-us\/#breadcrumb","itemListElement":[{"@type":"ListItem","position":1,"name":"Accueil","item":"https:\/\/www.idbois.pro\/"},{"@type":"ListItem","position":2,"name":"Nous contacter"}]},{"@type":"WebSite","@id":"https:\/\/www.idbois.pro\/#website","url":"https:\/\/www.idbois.pro\/","name":"ID Bois - Menuiserie, Charpente, Agencement","description":"ID Bois, situ\u00e9e au c\u0153ur du Layon, est un partenaire privil\u00e9gi\u00e9 pour tous vos projets de menuiserie, d&#039;agencement et de charpente","publisher":{"@id":"https:\/\/www.idbois.pro\/#organization"},"potentialAction":[{"@type":"SearchAction","target":{"@type":"EntryPoint","urlTemplate":"https:\/\/www.idbois.pro\/?s={search_term_string}"},"query-input":{"@type":"PropertyValueSpecification","valueRequired":true,"valueName":"search_term_string"}}],"inLanguage":"fr-FR"},{"@type":"Organization","@id":"https:\/\/www.idbois.pro\/#organization","name":"ID Bois - Menuiserie, Charpente, Agencement","url":"https:\/\/www.idbois.pro\/","logo":{"@type":"ImageObject","inLanguage":"fr-FR","@id":"https:\/\/www.idbois.pro\/#\/schema\/logo\/image\/","url":"https:\/\/www.idbois.pro\/wp-content\/uploads\/2023\/11\/Logo-text-min.png","contentUrl":"https:\/\/www.idbois.pro\/wp-content\/uploads\/2023\/11\/Logo-text-min.png","width":182,"height":48,"caption":"ID Bois - Menuiserie, Charpente, Agencement"},"image":{"@id":"https:\/\/www.idbois.pro\/#\/schema\/logo\/image\/"},"sameAs":["https:\/\/www.facebook.com\/profile.php?id=100091470854032"]}]}},"_links":{"self":[{"href":"https:\/\/www.idbois.pro\/index.php\/wp-json\/wp\/v2\/pages\/67","targetHints":{"allow":["GET"]}}],"collection":[{"href":"https:\/\/www.idbois.pro\/index.php\/wp-json\/wp\/v2\/pages"}],"about":[{"href":"https:\/\/www.idbois.pro\/index.php\/wp-json\/wp\/v2\/types\/page"}],"author":[{"embeddable":true,"href":"https:\/\/www.idbois.pro\/index.php\/wp-json\/wp\/v2\/users\/1"}],"replies":[{"embeddable":true,"href":"https:\/\/www.idbois.pro\/index.php\/wp-json\/wp\/v2\/comments?post=67"}],"version-history":[{"count":10,"href":"https:\/\/www.idbois.pro\/index.php\/wp-json\/wp\/v2\/pages\/67\/revisions"}],"predecessor-version":[{"id":4417,"href":"https:\/\/www.idbois.pro\/index.php\/wp-json\/wp\/v2\/pages\/67\/revisions\/4417"}],"wp:attachment":[{"href":"https:\/\/www.idbois.pro\/index.php\/wp-json\/wp\/v2\/media?parent=67"}],"curies":[{"name":"wp","href":"https:\/\/api.w.org\/{rel}","templated":true}]}}